011110 + 1?
100100011111
In base 16, what is -15d + -584?
-6e1
In base 15, what is -4 + 2a0e1?
2a0dc
In base 2, what is -1010101101 + -101111001?
-10000100110
In base 15, what is 5a7 - -207?
7ae
In base 6, what is -10413542 + -12?
-10413554
In base 4, what is 0 - 131233103?
-131233103
In base 4, what is 100 + 10111220?
10111320
In base 5, what is -14413 + -320?
-20233
In base 14, what is 0 + -b8b42?
-b8b42
In base 12, what is 3ba8 - 1a?
3b8a
In base 14, what is 10586 + -8?
1057c
In base 7, what is -2024456 + 2?
-2024454
In base 12, what is b50a - -203?
b711
In base 15, what is 23c + 81?
2bd
In base 2, what is -100101 + 11111100000111?
11111011100010
In base 7, what is -1144366 + -2?
-1144401
In base 5, what is 11 - -340332?
340343
In base 2, what is -1000 + 101100000111101?
101100000110101
In base 7, what is 2345013 - -3?
2345016
In base 4, what is 2013 - -33220?
101233
In base 10, what is -2 + -835469?
-835471
In base 3, what is 111 + -1022022?
-1021211
In base 12, what is 52 + -3964?
-3912
In base 13, what is -164709 - -5?
-164704
In base 8, what is -2 - 11547?
-11551
In base 12, what is 14302 + 5?
14307
In base 8, what is 12753 + -523?
12230
In base 10, what is 49 - 90?
-41
In base 2, what is -111101000 + -11000?
-1000000000
In base 6, what is -1 + -122044?
-122045
In base 9, what is -5 - 42350?
-42355
In base 8, what is -46 - 12?
-60
In base 11, what is -1 + 69?
68
In base 6, what is 2 + -31543?
-31541
In base 11, what is 3a04 + -1a?
3995
In base 5, what is 11440 + -3?
11432
In base 12, what is -1bb7 + 22?
-1b95
In base 5, what is 1 + -1041022402?
-1041022401
In base 10, what is 3908 + -157?
3751
In base 2, what is 101011110011100 - 10?
101011110011010
In base 14, what is -62840 - -5?
-62839
In base 6, what is 120250 - -1?
120251
In base 8, what is -4 + -363362?
-363366
In base 2, what is -11110010 + -1011101100?
-1111011110
In base 3, what is -1022202122002 + 20?
-1022202121212
In base 2, what is -10101110001001 + 101100010?
-10101000100111
In base 9, what is -1463 + -735?
-2308
In base 11, what is -1 - -8875a?
88759
In base 13, what is -2464 + 57?
-240a
In base 13, what is 39 - 1354?
-1318
In base 11, what is 12 + 25a?
271
In base 3, what is 110212 - -21020?
202002
In base 4, what is -3003 + -1131?
-10200
In base 4, what is -123 - 11301?
-12030
In base 6, what is 24 - 520023?
-515555
In base 3, what is -2010001100 - -1021?
-2010000002
In base 11, what is -4 + 978a7?
978a3
In base 13, what is 4 - -10b535?
10b539
In base 4, what is 1022330 + 0?
1022330
In base 9, what is 55 + 86?
152
In base 9, what is 11 - -1466?
1477
In base 13, what is -6 + -501a?
-5023
In base 15, what is 5 + -6299d?
-62998
In base 15, what is e0 - 661?
-571
In base 11, what is -2260 + -808?
-2a68
In base 15, what is 38a25 + 8?
38a2d
In base 8, what is 42 + 4070?
4132
In base 15, what is -26dd - c?
-26ea
In base 7, what is 14 + -302152?
-302135
In base 13, what is 221 - -422?
643
In base 11, what is 335a + 2?
3361
In base 9, what is 12533 - -36?
12570
In base 9, what is 38 - 263857?
-263818
In base 2, what is 10110010000111100 - 101?
10110010000110111
In base 12, what is 2592b4 - 1?
2592b3
In base 15, what is -4 - 49d1e?
-49d23
In base 9, what is 7267 - 42?
7225
In base 11, what is 6 + 98163?
98169
In base 3, what is -1102101 + -10222?
-1120100
In base 14, what is -c7d323 - -3?
-c7d320
In base 16, what is -777 - -9?
-76e
In base 3, what is 10112022010 + -2?
10112022001
In base 9, what is -1 + 33114?
33113
In base 8, what is -2666 - -6624?
3736
In base 16, what is a + 23343?
2334d
In base 6, what is -22 + 10543?
10521
In base 12, what is 1010 + a8?
10b8
In base 10, what is 224 + 6699?
6923
In base 4, what is 103022 - -211?
103233
In base 4, what is -3 - -3121221101?
3121221032
In base 8, what is 272454 + -4?
272450
In base 15, what is -707 + 25?
-6d2
In base 10, what is -5604056 - -2?
-5604054
In base 4, what is 1223002 + 2?
1223010
In base 9, what is 270 + 414?
684
In base 3, what is 102110 + 12102?
121212
In base 11, what is -401a - 51?
-4070
In base 15, what is 4a2 + c68?
121a
In base 3, what is 12 + -11200?
-11111
In base 15, what is 17c + 64?
1e1
In base 9, what is 24 - -433303?
433327
In base 13, what is 4 + -10822?
-1081b
In base 4, what is 2123 - -1231?
10020
In base 8, what is 122672 - -4?
122676
In base 12, what is 7410 - 4?
7408
In base 7, what is -1062453 + -5?
-1062461
In base 7, what is -66 - -4004?
3605
In base 3, what is -2121101220000 - -2?
-2121101212221
In base 3, what is 11111212 - -10?
11111222
In base 9, what is -246636 + -1?
-246637
In base 15, what is -5039 - -1?
-5038
In base 3, what is -122 + -1012212201?
-1012220100
In base 15, what is -5 - 1b675c?
-1b6762
In base 5, what is -1403 - 214212?
-221120
In base 15, what is 59c15 - 1?
59c14
In base 11, what is 1 + 584647?
584648
In base 2, what is 1001000000 + 101111000?
1110111000
In base 11, what is 4a - 1709?
-166a
In base 16, what is -2f2 - ee?
-3e0
In base 6, what is -1 - -102101013?
102101012
In base 10, what is 73715 + -2?
73713
In base 13, what is c - 36?
-27
In base 11, what is -16317 - 1?
-16318
In base 5, what is -24 + -2023340?
-2023414
In base 5, what is -4 - 2320003?
-2320012
In base 12, what is 25818 + 3?
2581b
In base 8, what is 302 + 1367?
1671
In base 15, what is 0 - -15013?
15013
In base 15, what is -7 + 85501?
854e9
In base 7, what is 2 + 116333?
116335
In base 2, what is -11101110 - 100100010?
-1000010000
In base 9, what is 1 - 173306?
-173305
In base 12, what is -3 + 128852?
12884b
In base 16, what is -3e091 - 0?
-3e091
In base 5, what is -4222122312 - -4?
-4222122303
In base 11, what is a5a40a - 5?
a5a405
In base 11, what is -22 + -1576a5?
-157717
In base 9, what is -58612 - 12?
-58624
In base 3, what is -22002220 - 21221?
-22101211
In base 3, what is 12020 + 1101211?
1121001
In base 14, what is -3 - 4dd6?
-4dd9
In base 16, what is -4feb + 1d?
-4fce
In base 3, what is -20212022 - 2000022?
-22212121
In base 15, what is -2 - -14e43?
14e41
In base 14, what is 54cc + 47?
5535
In base 12, what is 3 - -390b59?
390b60
In base 9, what is 4758 + 37?
4806
In base 12, what is 11 - -54454?
54465
In base 14, what is -1 - 2798?
-2799
In base 5, what is 1001 - 30114?
-24113
In base 16, what is d - -c70c?
c719
In base 4, what is 3212300 + -13110?
3133130
In base 11, what is 93582 + 2?
93584
In base 11, what is -282 - -113?
-16a
In base 10, what is 5052 - -86?
5138
In base 15, what is -12dcb0 - 4?
-12dcb4
In base 7, what is -356356 + 1?
-356355
In base 5, what is 10423122 - -1?
10423123
In base 6, what is -152512 - 10?
-152522
In base 10, what is 7 + -28115?
-28108
In base 6, what is 25534415 + -3?
25534412
In base 7, what is -2 + 32663?
32661
In base 15, what is 16a10 + -d?
16a02
In base 16, what is -36c - -3d4?
68
In base 11, what is -669 + -a?
-678
In base 12, what is 4523 + -3?
4520
In base 15, what is 392d75 - 4?
392d71
In base 12, what is -1923 - -11?
-1912
In base 7, what is -21415 + 126?
-21256
In base 4, what is 2220 - -1001?
3221
In base 2, what is 10100 - -111111011010100100?
111111011010111000
In base 7, what is 10653 - 132?
10521
In base 7, what is 4 + -355432?
-355425
In base 13, what is -145 + -3b9?
-531
In base 12, what is 3 - -170149?
170150
In base 6, what is -4 - 142011?
-142015
In base 7, what is -60 + 145?
55
In base 15, what is 1 - 28b3?
-28b2
In base 15, what is -3 + -3a3e?
-3a42
In base 3, what is -2220000 - 1?
-2220001
In base 3, what is 12112202000 + 10?
12112202010
In base 11, what is -4 - 13068?
-13071
In base 4, what is -31 - 22302302?
-22302333
In base 6, what is 45 + 31334?
31423
In base 8, what is 0 - 24101?
-24101
In base 16, what is 10fcf4 - -4?
10fcf8
In base 3, what is 12 + 11120002?
11120021
In base 11, what is 2210 + -17?
21a4
In base 6, what is -4 - -4124130?
4124122
In base 13, what is 221 + -2b93?
-2972
In base 14, what is -662 - 387?
-a09
In base 4, what is 3020121 + 11?
3020132
In base 12, what is 2b2 - -35?
327
In base 5, what is 2 + 310101?
310103
In base 12, what is 13846 - -15?
1385b
In base 7, what is 10226 + 10?
10236
In base 4, what is 313 + -3013033?
-3012120
In base 10, what is 4 + 1838?
1842
In base 2, what is -101 - -1110101011101000110?
1110101011101000001
In base 5, what is -442103 - 0?
-442103
In base 3, what is 1 + 20002010121?
200